x*f + 150. Calculate the greatest common factor of 16 and p.
16
Let h = 6161 - 1985. Calculate the greatest common factor of h and 12.
12
Let u(m) = -3*m**3 - 4*m**2 + 16*m + 61. Let p be u(-5). What is the highest common factor of p and 288?
32
Let t = 351 + -311. Calculate the highest common factor of 16 and t.
8
Let y = 326 + 54. Calculate the highest common factor of y and 57.
19
Let w be ((-3)/(-6))/(2/(-100)). Let b be (-4)/(-24) + 2*(-1196)/(-48). Let z = w + b. Calculate the highest common divisor of 5 and z.
5
Suppose -c + 2*q + 12 = 0, -9*q + 13*q - 30 = -c. What is the greatest common divisor of 756 and c?
18
Let x be (-1 - (-3)/(-1))/((-1)/6). Let g = 2 - -6. What is the highest common factor of g and x?
8
Let l(b) = 2*b**2 + b + 3. Let c be l(3). Let v be 30*1*(15/10 + 0). Suppose -v + 153 = 9*y. Calculate the greatest common divisor of y and c.
12
Let u = 3859 + -3832. Let n be 10*((-5)/(-2) + 2). Calculate the highest common factor of u and n.
9
Suppose 2*h - 6*h = -8. Suppose 1 = 3*c - h, 5*c = -4*g + 45. Calculate the greatest common factor of 80 and g.
10
Let y be (3 - -9) + -12 + 12. Calculate the highest common factor of 87 and y.
3
Let p(c) = 3*c**2 - 11*c + 9. Let v be p(6). Let u be -5 - -1 - (-19 + -3 + 1). Calculate the greatest common divisor of v and u.
17
Let g(c) = 2 - 3*c**2 - 3 - 9*c**2 + 5*c**2 - c**3. Let d be g(-8). Let a = d + 17. What is the greatest common factor of 10 and a?
10
Let u = 2 + -5. Let o be u*4/6 - -4. Suppose 0 = o*x - 5*h - 42, 5*h + 53 = -0*x + 3*x. What is the greatest common factor of 11 and x?
11
Let j = 199 + -89. Let f = 12 - 8. Suppose -m - 5*z = -24, -f*z = 4*m + z - 156. Calculate the highest common divisor of j and m.
22
Suppose s + 3*s - 25 = -5*q, 0 = -5*s - q + 26. Suppose 5*w = 3*w + s*x + 113, 1 = -x. Let j = 45 - 18. What is the highest common factor of w and j?
27
Suppose 20*p - 1407 + 87 = 0. Calculate the highest common divisor of 30 and p.
6
Suppose 5*q + x = 596, -4*x + 86 + 138 = 2*q. Calculate the highest common divisor of q and 30.
30
Let u be (21 + -2)/((-17)/(-34)). Suppose -2*p = -46 - u. Calculate the greatest common divisor of 6 and p.
6
Let a = 951 + -593. Let m = 5 + a. What is the greatest common divisor of 33 and m?
33
Let i(d) = -2*d**2 - 4*d. Let h be i(-2). Suppose h*x + 26 = 2*x. Calculate the highest common factor of x and 130.
13
Suppose 2*b - 24 = -14. What is the highest common divisor of 65 and b?
5
Let j(p) = -p**3 + 11*p**2 + 14*p - 21. Let k be j(12). Suppose -96 = -d - 0*d - k*g, -3*g = 9. Calculate the highest common divisor of 70 and d.
35
Suppose 18*n - 21*n + 270 = 0. Calculate the greatest common divisor of 70 and n.
10
Suppose 0 = r - 5*r + 16. Suppose r*p = 3*p + 2. Suppose 0 = -5*u - p + 32. Calculate the highest common divisor of 4 and u.
2
Suppose -4*o + 7 + 5 = 0. Suppose 4*z - 147 = o*w, -3*z + 111 = -2*w - w. What is the greatest common factor of 9 and z?
9
Suppose -2*t - 10 = 0, -y + 131 - 44 = -4*t. Calculate the highest common divisor of 134 and y.
67
Let m = -23 + 14. Let a be ((60/m)/10)/((-2)/294). Calculate the highest common divisor of a and 147.
49
Let i be -216*8/48*-10. Suppose 4*h - 2*r - 134 = 0, 3*h - 2*r = -16 + 114. Calculate the greatest common factor of i and h.
36
Let d(z) = z - 15. Let h be d(31). Let o be (216/16)/(0 - (-6)/h). Let x(k) = k**2 + 3*k + 4. Let f be x(-3). Calculate the highest common divisor of f and o.
4
Suppose 0*r = -2*r + 5*l + 315, l = 5. Suppose 0 = -16*q + 342 + r. What is the greatest common factor of q and 8?
8
Suppose 174 = 5*x + x. Suppose 0 = -2*w + 38 + 20. What is the greatest common divisor of x and w?
29
Let k = 0 + 3. Let a = 2209 + -2194. What is the greatest common divisor of a and k?
3
Let i(l) = -2*l**3 - 4*l**2 + 8*l + 10. Let c be i(-4). What is the greatest common divisor of 224 and c?
14
Suppose -6*m + 2*m = 0. Let l be 1 - (-158*1 + m). Let s be l - (1 + (0 - 3)). What is the greatest common factor of 23 and s?
23
Let a = -70 + 68. Let c be a/(-12) - (74/12 - 8). What is the greatest common divisor of 14 and c?
2
Let i = 528 - 498. What is the highest common factor of 18 and i?
6
Suppose -2*n = -285 - 131. Let c(b) = b**2 + 28*b + 42. Let f be c(-27). Suppose 7*j = -f + 197. What is the highest common divisor of j and n?
26
Let p = 7 - 3. Suppose 4*z - 4 = p. Suppose 139 = 5*u - k, -7*k - 66 = -z*u - 4*k. What is the highest common factor of 108 and u?
27
Suppose 0 = -5*m + 3*m + 4*s + 74, -3*m = 3*s - 156. What is the highest common divisor of 329 and m?
47
Let c be 332/3 + 2 - 188/(-141). What is the highest common factor of 304 and c?
38
Let d = 182 + 319. Calculate the highest common divisor of 1837 and d.
167
Suppose -11*q - 117*q = 74*q - 2626. Suppose 79 = 4*y + 6*j - 3*j, 2*j = -2*y + 42. Let u = 81 - y. Calculate the highest common divisor of q and u.
13
Let g = -100 + 130. Let q be (30/(-2))/((-3)/15). Calculate the greatest common factor of q and g.
15
Let w(i) = 39*i**2 + i - 144. Let n be w(9). Calculate the highest common factor of 14 and n.
14
Suppose 1904*l = 1897*l + 490. Calculate the greatest common factor of 315 and l.
35
Let d = -24 + 20. Let n be 3/d - 3978/(-24). Suppose 4*w - 4*u + 30 = 6*w, -4*w - 3*u + 60 = 0. Calculate the greatest common divisor of w and n.
15
Let d(q) = 4*q**3 + 19*q**2 + q + 4. Let o be d(-4). What is the greatest common divisor of 6 and o?
6
Suppose 887 = 10*n - 2593. What is the highest common divisor of n and 12?
12
Suppose -274 = -5*k + 3*q, 2*k = -2*k - q + 226. Calculate the greatest common divisor of 70 and k.
14
Suppose 0 = -i - 3*i + 2*j + 36, i - j - 11 = 0. What is the greatest common divisor of 189 and i?
7
Suppose y + 52 = -3*k + 6*y, 3*y - 6 = 0. Let r = k + 36. What is the greatest common factor of 176 and r?
22
Suppose 0 = 5*g - 77 - 8. Let l be ((-1683)/(-18))/((0 - 1)/(-2)). What is the highest common factor of g and l?
17
Let s(l) = -l - 3. Let c be s(-11). Suppose -3*w - 28 = 17. Let f be 24/(2 - w/(-12)). Calculate the greatest common divisor of f and c.
8
Suppose -4*q + 123 = 39. Let w be 2 + (20 - 1 - 0). Calculate the greatest common factor of w and q.
21
Let m(j) = j**2 + 20*j - 51. Let g be m(-24). Let i(t) = -t**3 + 4*t**2 + 2*t - 2. Let d be i(-2). What is the greatest common factor of d and g?
9
Let u(q) = q**3 - 32*q**2 + 64. Let g be u(32). Calculate the greatest common factor of g and 704.
64
Suppose 58*f - 61*f - 48 = -3*x, -f - 96 = -5*x. What is the highest common divisor of 5 and x?
5
Suppose 10*n + 164 = 514. What is the highest common divisor of n and 10?
5
Let q = -136 - -178. Calculate the highest common divisor of q and 14.
14
Let o be ((-7)/(-1))/(-3 + (-32)/(-10)). Calculate the highest common divisor of o and 21.
7
Suppose 230 + 10 = 10*n. What is the greatest common divisor of 136 and n?
8
Let j be -2*(-6)/36*(-182 - 1). Let w = j + 103. Calculate the highest common factor of 18 and w.
6
Let d(m) = 16*m**2 - 4*m - 8. Suppose z = -5*z - 24. Let u be d(z). Calculate the greatest common divisor of 24 and u.
24
Let r be (36 + (-2 - -1))*268/670. What is the greatest common divisor of 42 and r?
14
Let o be (-11)/(2299/(-71725)) + (-2)/11. Calculate the highest common factor of 147 and o.
49
Let b(f) = f**3 + 7*f**2 + 5*f + 1. Let m be b(-6). Calculate the highest common divisor of m and 13.
1
Let k = -2905 - -2982. Let t(d) = -12*d - 1. Let l be t(-1). Calculate the greatest common divisor of k and l.
11
Let m = -20 - -34. Let t = -156 + 170. Calculate the greatest common factor of m and t.
14
Suppose -1034 = -33*i - 44. Calculate the greatest common factor of 120 and i.
30
Let u(p) = 2*p**3 - 11*p**2 + 10*p + 5. Let g be u(8). Suppose 0 = -2*t, 4*t - g = i - 4*i. What is the highest common factor of i and 54?
27
Suppose h - 5*h = 5*q - 45, -h + q = 0. Suppose h*l - 81 - 79 = 0. Let k = -38 + 54. Calculate the greatest common factor of k and l.
16
Suppose -7*m + 72 = -6*m. Let b = -90 + 114. What is the greatest common divisor of b and m?
24
Let s(t) = 18*t - 4. Let g be s(1). Let r = -7 + g. Calculate the greatest common factor of r and 91.
7
Let w be -2*119 - (1 + -4 + 6). Let v = 417 + w. Suppose -n + 0*n + 5*a = -11, -5*n + 85 = 5*a. Calculate the greatest common factor of n and 